) = j**3 + 5*j**2 - 7. Calculate o(y).
-7
Suppose -3*d - 3*k = -15, -5*d + 13 = -0*k + 2*k. Let l(c) = 15*c**2 + 2*c - 1. Determine l(d).
16
Let i = -25 + 19. Let z(a) be the first derivative of a**2 + 6*a - 1. Calculate z(i).
-6
Let c(x) be the third derivative of -x**6/120 - 7*x**5/60 + x**3/2 - x**2. Give c(-7).
3
Let u(p) = -p**3 - 127*p**2 - 126*p**2 + 7 + p + 255*p**2 - 3. What is u(3)?
-2
Let q = 12 + -12. Suppose -5*b = -2*r - 8, q = -3*r + r + 2. Let d(k) = 2*k**2 - 2*k + 1. Calculate d(b).
5
Let j be 3 + ((-4)/12)/(-1)*-15. Let q(r) = -6*r**3 - 8*r**2 + 5*r + 1. Let u(v) = 7*v**3 + 9*v**2 - 6*v - 1. Let k(z) = -6*q(z) - 5*u(z). What is k(j)?
3
Let j(r) be the second derivative of -r**5/20 + 5*r**4/12 - r**3 + 3*r**2 + 26*r. Determine j(4).
-2
Let u(y) = -3*y**3 + y**2 + 2*y + 1. Suppose -3*i = i - 4. Let h be ((-33)/9 + 3)*3. Let s = i + h. Give u(s).
3
Let g = 17 - 13. Suppose -n - 1 = g. Let h(z) = -z. Determine h(n).
5
Let n be (-6)/(-12) + 6/4. Let p(o) = -5*o - 3. Let z(x) = 1. Let s(r) = -p(r) - 4*z(r). What is s(n)?
9
Let s(u) be the first derivative of u**4/4 - 3*u**2/2 - 2*u + 33. What is s(-2)?
-4
Let x(i) be the second derivative of 0*i**2 - 1/12*i**4 + i + 0 - 1/6*i**3. Give x(1).
-2
Suppose -20 = 4*v - 5*n, -2 = v + 5*n + 3. Suppose 0*c = -2*y + 2*c + 4, -4*y + 3*c = -10. Let w(p) = 0*p - 6 + y + p. Determine w(v).
-7
Let k(t) = -t**2 - 6*t + 2. Let d(a) be the third derivative of -a**5/60 + 7*a**4/24 - 7*a**3/6 - a**2. Let n be d(5). Suppose 8 + 10 = -n*j. Give k(j).
2
Let y be (-4)/(-6)*24/16. Let w(k) = 2*k**2 - 2*k + 1. What is w(y)?
1
Let h(l) = 2*l**3 + l**2 + 2*l + 1. Let q be h(-1). Let m(u) = 2*u**3 + u**2 + 1. Give m(q).
-11
Let l(p) = -4*p - 1. Let n(f) = 4*f. Let i(y) = -4*l(y) - 5*n(y). Give i(3).
-8
Let j be 4/(-2) - (-1 + 3). Let w(p) = -1 + 0*p**2 + 5*p**2 + p**3 + p + p - 1. Give w(j).
6
Let u be (-4)/20 + (-21)/(-5). Let k(t) be the third derivative of 1/2*t**3 + 0 + 3*t**2 + 0*t + 1/12*t**u. Calculate k(-3).
-3
Let b(p) = -3*p**2 + p + 1. Suppose -3*g - 2*l = g - 12, 0 = 4*l. Suppose 0*a + 20 = -5*s - g*a, 5*s + 5*a + 30 = 0. What is b(s)?
-3
Let i(l) = -l**2 + 3*l + 11. Let b be i(6). Let u(y) = y**2 + 8*y + 6. Give u(b).
-1
Let n(h) = -h**2 + 2*h**2 + 15 - 18. Calculate n(-3).
6
Let j = -3 - -2. Let y(o) = -11*o**3 - 2*o**2 + 2*o + 1. Let f(t) = -t**3 - t**2 + t + 1. Let x(z) = -2*f(z) + y(z). Determine x(j).
8
Let n(s) be the second derivative of -5*s**3/6 + s**2 - s. Let o(h) = -h - 3. Let w be o(-7). Suppose 5*y + w*k = -0*y - 6, -5*k - 28 = -4*y. Calculate n(y).
-8
Let o(h) = -3 + 0 - 6*h - 1 + 1 - h**2. Calculate o(-4).
5
Let k(r) = r**3 + 14*r - 3*r**2 - 12*r - r**2 - 2. Determine k(4).
6
Let b(s) = s**3 - 6*s**2 + 7*s - 5. Let x = -9 - -13. Give b(x).
-9
Let x = 21 - 10. Suppose -t - 5 - 8 = -5*b, -3*t - 4*b - 20 = 0. Let f = x + t. Let l(a) = a**3 - 2*a**2 - 3*a + 3. Give l(f).
3
Let x(a) = -a + 12. Let r = -5 - -11. Suppose 0 = 5*z + 3*u - 4 - 17, 2*u = -r. Determine x(z).
6
Let u(i) be the first derivative of -i**2/2 + 4*i - 2. Give u(3).
1
Let j be (1 - 3)/(3 - (-35)/(-10)). Let x(r) = r**2 - 2 + 5*r + 0 - 2*r**2. Determine x(j).
2
Let n(l) = -2*l**2 + 2*l - 1. Let g(b) = b**2 + b. Let m(i) = -3*g(i) - n(i). Let t = -71 - -65. Calculate m(t).
-5
Let u(f) = -f - 3. Suppose -j = 2*g + 3, 4*j = 8 + 4. Determine u(g).
0
Let p(n) = n**2 + 6*n + 7. Suppose 4*m + 25 = -m. Calculate p(m).
2
Let v(i) = 2*i - 1. Let p(h) = -h**2 - 5*h + 9. Let x be p(-6). What is v(x)?
5
Let u(s) = -4*s - 1. Let i be -4 + 6 + 0 + 0. Suppose 0 = -2*q - i*o, -3*q = o - 3*o - 15. Calculate u(q).
-13
Let z(a) = -a - 5. Let b = 46 + -50. Calculate z(b).
-1
Suppose -3*h - h - 10 = 5*j, -25 = 5*h. Let v(b) = -3*b**3 - 8*b**2 - 2*b + 11. Let d(g) = 2*g**3 + 5*g**2 + g - 7. Let i(k) = 8*d(k) + 5*v(k). What is i(j)?
3
Let i(w) = 2*w + 4. Let y(s) be the second derivative of s**5/20 - s**4/3 - 2*s**3/3 - s**2 - 4*s. Let r be y(5). Determine i(r).
10
Let j(t) be the third derivative of t**5/60 + 5*t**4/12 + 5*t**3/6 + t**2 + 17*t. Calculate j(-10).
5
Let p(t) = 10*t - 6*t**2 - 3*t**2 - 5*t - 6*t. Calculate p(1).
-10
Suppose 42 = 10*q + 2. Let p = 3 + -1. Let t(r) = 1 - 3 + p*r - 1. Give t(q).
5
Let v(n) be the first derivative of -n**3/3 - 2*n**2 + 3*n - 1. Let l(t) be the first derivative of v(t). Give l(-5).
6
Let s(x) = -x**2 - 4. Suppose -2*v - 3*v + 3*u = 2, 28 = 4*v + 5*u. Suppose -2*c = 4*g, 2*g = -c - g + 1. Let z = c + v. What is s(z)?
-4
Let s(m) be the third derivative of -m**6/720 + m**5/120 - 5*m**4/24 - 7*m**2. Let l(a) be the second derivative of s(a). Calculate l(5).
-4
Let v(c) = c**3 - c**2 - c - 1. Let w(b) = -b**3 - 4*b**2 + 8*b - 4. Let o(i) = 2*v(i) + w(i). What is o(5)?
-1
Suppose -2*g = -18 - 2. Suppose 0*o + 12 = 4*o, -4*v = -2*o - g. Let j(y) = 0*y + 0*y - v - y. Calculate j(3).
-7
Let d(x) be the second derivative of -x**5/20 - 5*x**4/12 - 5*x**3/6 - x**2/2 + 10*x. Give d(-4).
3
Let u(d) be the second derivative of -d**4/12 - d**3/6 + d**2/2 - d. Let b be (-105)/(-20) + 6/8. Suppose -6*y + 9*y + b = 0. What is u(y)?
-1
Let o(i) = -7*i**3 + 12*i**2 - 12*i - 6. Let m(n) = -11*n**3 + 18*n**2 - 18*n - 9. Let l(q) = 5*m(q) - 8*o(q). Determine l(5).
8
Let s(d) = 12*d - 10*d - 7 + 1. Let i(u) = -6*u - 1. Let n be i(-1). Determine s(n).
4
Suppose -3*l = 0, -20 = -4*w + 2*l - 0. Suppose -8*s = -3*s - 5, w*m - 3*s - 27 = 0. Let a(x) = -2*x + 6. Calculate a(m).
-6
Let t(j) be the third derivative of -j**4/24 + 2*j**3/3 + 8*j**2. What is t(5)?
-1
Let x(b) be the second derivative of -1/2*b**3 - 5/2*b**2 + 0 + 1/12*b**4 - 5*b. Determine x(4).
-1
Let w(k) = -k**2 + 18*k + 65. Let d be w(21). Let o(y) = -4*y**3 + 4*y - 1. Let r(u) = -u**3 + u - 1. Let n(l) = o(l) - 3*r(l). Determine n(d).
-4
Let m(u) = -u**2 + 4*u - 3. Let s(n) = -2*n - 25. Let f be s(-14). Give m(f).
0
Let m(y) = -5*y + 3. Let p(z) = -z + 1. Let w(s) = -m(s) + 6*p(s). What is w(6)?
-3
Let b(m) = -m**2 - m - 1. Let f(i) = i**3 - i**2 - i - 2. Let q(c) = -b(c) + f(c). Suppose 0 = -5*r - 3*w + 2*w, -w = 0. Calculate q(r).
-1
Let q(r) = 3*r - 6. Let o = 3 + 2. Suppose -2*z = -5*x + 5, -3*z = -o*z - x + 13. Give q(z).
9
Let i(l) = -l + 4. Let r(a) = 3. Let z(m) = -4*i(m) + 5*r(m). Determine z(4).
15
Let b(n) = -6*n + 34 - 34 + 5*n. Suppose -5*g = 5*r + 35, 2*r - 4*g - 18 = r. What is b(r)?
2
Let s(c) = c**3 + c**2 - c. Suppose 0*k = 2*u - 2*k - 14, -4*u = -5*k - 31. Suppose -2*q = -0*q - 4*x + u, q + 1 = x. Determine s(q).
0
Let o be (24/(-20))/(4/(-40)*4). Let j(z) = -9*z**3 + z**2 - 17*z - 3. Let h(f) = 5*f**3 + 9*f + 2. Let b(x) = -7*h(x) - 4*j(x). What is b(o)?
4
Let x(b) = 3*b + 4*b**2 + 2 + 4*b**3 - 3*b**3 + 4*b + 4*b**2. What is x(-7)?
2
Let u(a) be the third derivative of -a**7/840 - a**6/120 - a**5/120 + a**4/24 + a**3/6 + 2*a**2. Let j(m) be the first derivative of u(m). What is j(-3)?
4
Suppose -2*s + 8*s - 18 = 0. Let u(d) = 7*d - 4. Let h(y) = -3*y + 2. Let b(z) = -5*h(z) - 2*u(z). What is b(s)?
1
Suppose 0 = -x - 1 - 4. Let v(p) = p + 7. What is v(x)?
2
Suppose 5*r + 18 = 8. Let v = r - -5. Let j(q) = -7*q**3 + 7*q**2 + 5*q + 7. Let o(a) = 4*a**3 - 4*a**2 - 3*a - 4. Let x(h) = v*j(h) + 5*o(h). Calculate x(0).
1
Let l(o) = -o + 5. Let j be l(3). Let v(u) = 5*u**2 - u + 1. Determine v(j).
19
Let p(q) be the first derivative of q**3/3 + 7*q**2/2 + q + 15. Give p(-7).
1
Let c(g) = -8*g**2 + 326*g - 10 - 326*g + g**3. Give c(8).
-10
Let c(n) = -9*n - 4 + 12*n - 5*n. Suppose m = 2*m + 4. Give c(m).
4
Let y(k) be the second derivative of k**3/6 - 2*k. Let d be (0 + -1)/(4/(-20)). Determine y(d).
5
Let o(c) be the third derivative of 1/8*c**4 + c**2 + 0 + 2/3*c**3 - 1/60*c**5 + 0*c. Determine o(3).
4
Let h(x) be the third derivative of x**7/5040 + x**6/360 - x**5/60 - 6*x**2. Let k(z) be the third derivative of h(z). Determine k(3).
5
Let k(f) be the second derivative of 7*f + 0 + 4*f**2 - 1/3*f**3. Determine k(6).
-4
Let i be (-1 + (1 - 1))/(-1). Let l(d) = 3*d - 3*d - 5*d. Give l(i).
-5
Let p = -6 + 9. Let m(d) = d + 5 + p*d - 4. Give m(-2).
-7
Let d be 190/(-35) - 4/7. Let l(z) = -z - 2. Give l(d).
4
Let v(f) = -2*f - 2. Suppose 2*g = -3*i + 12, 4*i = 4*g - 0*i - 24. Let d be 1*(g - -2*1). Suppose -p = -5*o - 2, 4*p + o - d = 5*o. Determin